hat is the units digit of 279079?
9
What is the units digit of 2570214?
4
What is the hundreds digit of 2225443?
4
What is the ten thousands digit of 13691561?
9
What is the units digit of 453871?
1
What is the units digit of 37381458?
8
What is the ten thousands digit of 92955?
9
What is the tens digit of 65192?
9
What is the thousands digit of 329034?
9
What is the hundreds digit of 176855?
8
What is the units digit of 6024822?
2
What is the tens digit of 1743025?
2
What is the ten thousands digit of 5836115?
3
What is the ten thousands digit of 22876993?
7
What is the hundred thousands digit of 1890836?
8
What is the thousands digit of 2164794?
4
What is the hundred thousands digit of 229779?
2
What is the thousands digit of 2102881?
2
What is the units digit of 2360795?
5
What is the hundreds digit of 6737475?
4
What is the units digit of 3461224?
4
What is the hundred thousands digit of 4154036?
1
What is the hundreds digit of 162640?
6
What is the hundred thousands digit of 487139?
4
What is the hundred thousands digit of 3330712?
3
What is the tens digit of 10604547?
4
What is the hundred thousands digit of 1498870?
4
What is the hundreds digit of 1307093?
0
What is the ten thousands digit of 12037147?
3
What is the thousands digit of 32259?
2
What is the hundreds digit of 26315?
3
What is the tens digit of 4163412?
1
What is the hundred thousands digit of 375994?
3
What is the tens digit of 168636?
3
What is the tens digit of 6512855?
5
What is the ten thousands digit of 12384951?
8
What is the hundreds digit of 17112167?
1
What is the hundreds digit of 1230771?
7
What is the thousands digit of 1380933?
0
What is the units digit of 160423?
3
What is the hundreds digit of 451006?
0
What is the hundred thousands digit of 2668425?
6
What is the ten millions digit of 10295700?
1
What is the thousands digit of 39490?
9
What is the hundreds digit of 322003?
0
What is the units digit of 200674?
4
What is the millions digit of 6522842?
6
What is the hundred thousands digit of 8552252?
5
What is the ten thousands digit of 613434?
1
What is the tens digit of 1093206?
0
What is the thousands digit of 3748469?
8
What is the thousands digit of 8428693?
8
What is the units digit of 962249?
9
What is the units digit of 203148?
8
What is the thousands digit of 738754?
8
What is the thousands digit of 6985355?
5
What is the tens digit of 8729038?
3
What is the thousands digit of 253965?
3
What is the units digit of 152139?
9
What is the hundred thousands digit of 233838?
2
What is the thousands digit of 33818599?
8
What is the millions digit of 15816564?
5
What is the millions digit of 1174540?
1
What is the units digit of 356358?
8
What is the hundred thousands digit of 5004253?
0
What is the ten thousands digit of 7913472?
1
What is the thousands digit of 3119252?
9
What is the thousands digit of 24303526?
3
What is the ten thousands digit of 2610511?
1
What is the units digit of 487550?
0
What is the tens digit of 5531640?
4
What is the tens digit of 56205?
0
What is the hundred thousands digit of 26438450?
4
What is the millions digit of 6134436?
6
What is the ten thousands digit of 1880794?
8
What is the ten thousands digit of 9016186?
1
What is the millions digit of 11449629?
1
What is the units digit of 118610?
0
What is the hundreds digit of 3551574?
5
What is the hundred thousands digit of 304362?
3
What is the ten thousands digit of 435400?
3
What is the units digit of 153618?
8
What is the thousands digit of 3191797?
1
What is the millions digit of 1382667?
1
What is the hundred thousands digit of 150125?
1
What is the units digit of 184616?
6
What is the tens digit of 685259?
5
What is the hundreds digit of 2170993?
9
What is the ten millions digit of 22820854?
2
What is the units digit of 1854928?
8
What is the ten thousands digit of 3183669?
8
What is the thousands digit of 56433?
6
What is the tens digit of 1644308?
0
What is the ten thousands digit of 455256?
5
What is the units digit of 15678571?
1
What is the hundreds digit of 713572?
5
What is the hundred thousands digit of 1796560?
7
What is the units digit of 727418?
8
What is the tens digit of 241917?
1
What is the hundreds digit of 31107?
1
What is the units digit of 59536?
6
What is the hundreds digit of 1913694?
6
What is the hundred thousands digit of 442679?
4
What is the hundreds digit of 832217?
2
What is the ten thousands digit of 200410?
0
What is the tens digit of 22519?
1
What is the hundreds digit of 90161?
1
What is the units digit of 986804?
4
What is the millions digit of 2549471?
2
What is the units digit of 1019009?
9
What is the hundred thousands digit of 694839?
6
What is the thousands digit of 20451?
0
What is the tens digit of 736721?
2
What is the ten thousands digit of 14605885?
0
What is the millions digit of 8281311?
8
What is the thousands digit of 10576493?
6
What is the hundreds digit of 14187?
1
What is the units digit of 1104686?
6
What is the units digit of 4212838?
8
What is the hundreds digit of 14241886?
8
What is the hundred thousands digit of 118117?
1
What is the millions digit of 12006913?
2
What is the tens digit of 3855431?
3
What is the thousands digit of 59296?
9
What is the hundreds digit of 7524250?
2
What is the units digit of 361599?
9
What is the millions digit of 16267659?
6
What is the ten thousands digit of 14159365?
5
What is the tens digit of 299182?
8
What is the thousands digit of 1440001?
0
What is the ten millions digit of 32100325?
3
What is the millions digit of 10855838?
0
What is the ten thousands digit of 13166432?
6
What is the units digit of 292415?
5
What is the hundreds digit of 10085536?
5
What is the tens digit of 623291?
9
What is the hundred thousands digit of 825303?
8
What is the thousands digit of 423855?
3
What is the thousands digit of 441007?
1
What is the millions digit of 4055835?
4
What is the hundred thousands digit of 8853421?
8
What is the tens digit of 2238132?
3
What is the hundred thousands digit of 22167574?
1
What is the thousands digit of 216511?
6
What is the tens digit of 428002?
0
What is the hundred thousands digit of 263529?
2
What is the tens digit of 2762?
6
What is the ten thousands digit of 845635?
4
What is the hundreds digit of 1591608?
6
What is the tens digit of 588469?
6
What is the hundred thousands digit of 12347351?
3
What is the thousands digit of 1773580?
3
What is the tens digit of 1674860?
6
What is the millions digit of 1143141?
1
What is the tens digit of 951503?
0
What is the thousands digit of 645674?
5
What is the ten thousands digit of 1895489?
9
What is the hundred thousands digit of 422091?
4
What is the hundred thousands digit of 9784573?
7
What is the ten thousands digit of 15453398?
5
What is the ten thousands digit of 8160651?
6
What is the hundreds digit of 206312?
3
What is the ten thousands digit of 193715?
9
What is the units digit of 2864947?
7
What is the hundred thousands digit of 1466084?
4
What is the thousands digit of 23522?
3
What is the thousands digit of 140407?
0
What is the hundreds digit of 262610?
6
What is the ten thousands digit of 368341?
6
What is the tens digit of 634168?
6
What is the thousands digit of 10934718?
4
What is the hundreds digit of 416446?
4
What is the units digit of 6284367?
7
What is the thousands digit of 10815577?
5
What is the units digit of 9074577?
7
What is the hundreds digit of 22086?
0
What is the hundreds digit of 9957208?
2
What is the ten thousands digit of 6538059?
3
What is the hundred thousands digit of 10060460?
0
What is the hundreds digit of 2783587?
5
What is the millions digit of 4200584?
4
What is the units digit of 178721?
1
What is the thousands digit of 5014764?
4
What is the hundred thousands digit of 1896190?
8
What is the units digit of 1988038?
8
What is the thousands digit of 73935?
3
What is the ten thousands digit of 8479343?
7
What is the units digit of 217902?
2
What is the units digit of 2286246?
6
What is the ten thousands digit of 151899?
5
What is the hundred thousands digit of 34149728?
1
What is the hundreds digit of 4841826?
8
What is the units digit of 1601502?
2
What is the hundreds digit of 11753880?
8
What is the hundreds digit of 210576?
5
What is the hundreds digit of 759767